 of s?
7
Suppose -4 = -0*o - 2*o, 0 = -3*q + 3*o - 33. Let d = -6 - q. Suppose z - l = 14, -d*l = -5*z - 0*l + 76. What are the prime factors of z?
17
Suppose 0 = -5*w - 4*j - 25, -5*j - 7 = 3*w - j. List the prime factors of w/12 + 195/4.
2, 3
Let q be 2 + -2 + -1 - 0. Let s = q - -9. What are the prime factors of s?
2
Let n(s) = -s**2 + s - 4. Let b be n(3). Let j = 15 + b. What are the prime factors of (-2)/j*(-15 - 0)?
2, 3
Let u be (-5)/(3/((-15)/(-1))). Let q = u + 45. What are the prime factors of q?
2, 5
Let g(r) = 3*r + 6. Let v be g(-4). Let h be (27 - v)/((-3)/2). What are the prime factors of (h/4)/(3/(-6))?
11
Let g be (-86)/(-30) + 8/60. Suppose -g*o + 24 + 51 = 0. What are the prime factors of o?
5
What are the prime factors of -17 + 29 + (0 + -1)*1?
11
Suppose 0 = 4*o - 0*o. Suppose -3*t - 15 = o, -4*x = t - 13 - 130. What are the prime factors of x?
37
Let l(j) = -j + 3. Let z be l(0). Suppose -2 = -k - z. What are the prime factors of (-3 - -12)*(k + 2)?
3
Suppose -5*g + 132 = -138. What are the prime factors of g?
2, 3
Suppose -2*m + 72 = -5*o - 4*m, 16 = 4*m. Let t = o + 10. Let j = 13 + t. List the prime factors of j.
7
Suppose 4*v = 126 + 38. Suppose -u = -v + 14. What are the prime factors of u?
3
Let i(p) = -p**2 - 9*p + 13. Suppose -b = 4*b + 2*z + 49, 4*z = -8. Let k be i(b). Let t = -4 + k. What are the prime factors of t?
3
Suppose -5*s - 3*u + 47 + 30 = 0, 9 = s - u. What are the prime factors of s?
13
Let r(j) = j - 2. Let v be r(9). Let m = v - -9. List the prime factors of m.
2
Let l = -16 - -25. Let v(g) = 3*g - 2. Let q(h) = -7*h + 5. Let k(o) = l*v(o) + 4*q(o). List the prime factors of k(-9).
11
Let f(y) = -222*y**3 - 2*y**2 - 5*y - 4. What are the prime factors of f(-1)?
13, 17
Suppose 16 = 8*h - 4*h. Suppose 0 = h*d - 19 - 73. List the prime factors of d.
23
Let p(f) = f**3 - 4*f + 3*f - 5 + 8*f**2 - 6. Let u be p(-8). Let q(t) = -t**2 - 4*t. What are the prime factors of q(u)?
3
Let f(o) = -o**2 + 9*o - 6. Let c(b) = 1. Let h(g) = 2*c(g) - f(g). What are the prime factors of h(11)?
2, 3, 5
Suppose -5*l = 16 - 86. List the prime factors of l.
2, 7
Let w be ((-2)/4*0)/(-1). Suppose 3*b - z - 2 = w, -4*b + 4 = -2*z + z. What are the prime factors of b?
2
Suppose t - 53 = 25. What are the prime factors of t?
2, 3, 13
Let i be (-3)/(-1)*(-9)/(81/(-12)). Let m(x) be the third derivative of x**4/24 - x**2. What are the prime factors of m(i)?
2
Let b(v) = -39*v - 16. What are the prime factors of b(-2)?
2, 31
Let m(y) = 2*y**2 + 4*y + 2. Let i be m(-2). Let f = i + 1. Suppose -5*u = -f*u + 4*k - 28, 4 = 2*k. List the prime factors of u.
2, 5
Let v = 62 - 52. What are the prime factors of v?
2, 5
Let t = 42 + -28. Suppose 5*c - 36 = t. Let k(l) = -l**3 + 9*l**2 + 10*l + 2. List the prime factors of k(c).
2
Let t(r) = -r**3 - 7*r**2 - 8*r - 6. Let h be (-12)/10*(-5)/(-1). What are the prime factors of t(h)?
2, 3
Let z = 13 - 10. Suppose -8 = z*a - 23. List the prime factors of a.
5
Let l(t) = t**2 - 2. Let f be l(-3). Let o(b) = -3 + 3 - f*b - b**2. List the prime factors of o(-3).
2, 3
Let f = -26 + 224. List the prime factors of f.
2, 3, 11
Suppose -b - 2*h + 126 = 2*b, b = 3*h + 42. What are the prime factors of b?
2, 3, 7
Suppose 2*g + 0*r - 4*r = 20, 5*r + 23 = 2*g. Suppose 16 = g*m - 0*m. Suppose -2*x = 2*x + 2*k - 20, -m*x + 20 = -k. List the prime factors of x.
5
Let f(q) = 8*q**2 + 2*q. What are the prime factors of f(-2)?
2, 7
Suppose -4*w + 19 = -4*c - 97, 4*w = c + 110. What are the prime factors of w?
3
Let d(c) = c**3 + 6*c**2 - 2*c + 6. Let y be d(-6). List the prime factors of (-1 + -1)/((-4)/y).
3
Suppose -5*x = -6 - 9. Suppose 0 = -x*c + 2*t + 116, 33 = -0*c + c + 5*t. List the prime factors of c.
2, 19
Suppose -52 - 59 = -f. List the prime factors of f.
3, 37
Let t = 29 + 93. List the prime factors of t.
2, 61
What are the prime factors of 26/(-1)*(-3)/2?
3, 13
Let g(p) = p**2 + 3*p - 3. Let a be g(-3). Let l = 6 + a. List the prime factors of l.
3
Let p be (16/24)/(2/(-3)). Let c(k) = 6*k**2 + 1. List the prime factors of c(p).
7
Suppose 6*d - 4*d - 18 = 0. What are the prime factors of d?
3
Suppose a - x - 206 = 4*x, 4*a = -5*x + 749. What are the prime factors of a?
191
List the prime factors of 2/1*(-75)/(-6).
5
Let w(m) = 5*m - 3. List the prime factors of w(5).
2, 11
Let u(g) = 21*g - 10. What are the prime factors of u(1)?
11
Let b = -11 + 5. Let g = b + 15. Suppose 3*m - g = -4*o, -5*o - 5*m = -m - 11. List the prime factors of o.
3
Let i be 0 + 1/1*-1. Let x be i/(-1) + 16/4. Suppose -3*l - x*b = -6*l + 27, 2*l - 18 = 4*b. List the prime factors of l.
3
Let i be (-3)/2*8/(-6). Suppose -9 = i*k - 47. Suppose 3*f = -3*q + 63, 4*f + 3 = k. What are the prime factors of q?
17
Let r(f) = 256*f**2 + 6*f + 4. List the prime factors of r(-1).
2, 127
Let h(v) = -v**2 - 6*v - 3. Let w be (2/(-4))/((-1)/(-8)). List the prime factors of h(w).
5
Let t = -6 - -8. Suppose b + 4 = t*b. What are the prime factors of b?
2
Let y(d) = -d + 12. Suppose 0 = w - 3*w. What are the prime factors of y(w)?
2, 3
List the prime factors of 1/(5/(-2950)*-5).
2, 59
Let o = -8 - -12. Suppose -5*j = -3*c - 38, -j + o*c + 8 + 3 = 0. List the prime factors of j.
7
Let c(p) = 3*p**2 + 9*p - 11. What are the prime factors of c(-5)?
19
Let d(c) = -3*c + 16. Let n be d(-7). Suppose 5*t - n = 4*t. List the prime factors of t.
37
Let w = -2 + 2. Suppose w = s - 25 + 9. Suppose 6*r - 2*r + s = 0, 0 = -u + r + 17. What are the prime factors of u?
13
Suppose -2*h - 5*d + 6 = -0*h, d = 2. List the prime factors of 2 + 9/3 + h.
3
Let t = -187 - -133. List the prime factors of (-1)/((-3)/t*-2).
3
Suppose z - 82 = 296. List the prime factors of z.
2, 3, 7
Let x be (-3)/6*2*6. List the prime factors of ((-63)/x)/((-2)/(-4)).
3, 7
Let g be (-25)/(-3) - (-4)/(-12). Suppose 3*y - g*y - 119 = -a, 0 = -5*y - 4*a - 124. What are the prime factors of -5*1*y/20?
2, 3
Let p(k) = k**2 - 2*k. Let z be p(1). Let c be z/(3 - (-294)/(-99)). Let v = -17 - c. What are the prime factors of v?
2
Suppose -5*o = x + 4, -4*x - 20 = -2*o + x. Suppose -40 = -5*f - o*f. List the prime factors of f.
2
Suppose 0 = -2*n + 4*u + 256, -4*n + 5*u = n - 660. List the prime factors of n.
2, 17
Suppose 5*z + 2 = 7. What are the prime factors of (0 + 0 + z)*25?
5
Let l = -48 - -27. What are the prime factors of (-6)/l - 19/(-7)?
3
Let c(o) = 13*o**2 + 2*o - 1. What are the prime factors of c(-3)?
2, 5, 11
Suppose -5*m + 2*d = -2*d - 183, -d = -4*m + 153. List the prime factors of m.
3, 13
Let d(f) = 9. Let w(u) = u + 1. Let o(m) = -d(m) + 2*w(m). Let b be o(6). Suppose -b*z = -2*z - 39. What are the prime factors of z?
13
Suppose 4*f + 0 = 3*m - 3, 4*f = -5*m + 37. List the prime factors of 0 + 0 - (-8 - f).
11
Let b = -103 + 157. List the prime factors of b.
2, 3
What are the prime factors of (-7 + -37)*(-1)/4?
11
Let b(c) = 6*c - 6. Let i = 7 + -3. List the prime factors of b(i).
2, 3
Suppose -4*b - 4*c + 2*c = -156, -5*b - 2*c = -196. List the prime factors of b.
2, 5
Let l(j) = 5*j - 16. What are the prime factors of l(14)?
2, 3
Let l(m) be the second derivative of 11/6*m**3 + 6*m**2 - m**4 + 0 + 1/20*m**5 - 3*m. List the prime factors of l(11).
2, 3
Let p = -23 + 53. Suppose 2*v = 5*v - p. Suppose t - v - 2 = 0. What are the prime factors of t?
2, 3
What are the prime factors of ((-156)/15)/(2/(-10))?
2, 13
Suppose 9*i + 505 = 14*i. List the prime factors of i.
101
Let v be (-1)/(-1 - -2) + 81. Let c = v + -43. List the prime factors of c.
37
Let s be (8/10)/(2/10). Suppose -d + c + 21 = 2*c, 0 = -s*d - 3*c + 83. List the prime factors of d.
2, 5
Let o(k) = 38*k**2. What are the prime factors of o(1)?
2, 19
Suppose -x + 3*v - 7*v + 59 = 0, -5*v - 77 = -x. List the prime factors of x.
67
Suppose s = -0*s - 1, s = d + 4. Let v be 1/((3/d)/(-3)). List the prime factors of (v - (0 + 2)) + 0.
3
Let v be (-2)/12 - 438/(-36). What are the prime factors of 146/v - 1/6?
2, 3
Let z(n) = 4*n + 5. Let b(g) = 7*g + 10. Let s(t) = 3*b(t) - 5*z(t). List the prime factors of s(0).
5
Let v = -9 - -14. Suppose 0 = -v*g + 121 + 49. List the prime factors of g.
2, 17
Let p(j) = -8*j - 1. Let m be p(-1). Let z(q) = 5*q + 2*q + 8 + 0*q**3 - 8*q**2 + q**3. What are the prime factors